u(r) = -2*r**2 - r - 10. Determine u(-7).
-101
Let n(y) = -4*y + 6. Determine n(2).
-2
Let x(r) = -r**3 + 22*r**2 - 28*r + 29. What is x(21)?
-118
Let w(z) = z**3 + 11*z**2 + 8*z - 1. Give w(-10).
19
Let q(v) = v**3 + 2*v**2 - 2*v - 2. What is q(-2)?
2
Let d(k) = -4*k**3 + 2*k**2 - k - 1. Calculate d(-2).
41
Let p(n) = 3*n - 10. Determine p(-19).
-67
Let k(f) = -f**3 + 7*f**2 - 5*f + 1. Determine k(6).
7
Let j(y) = -y**3 + 9*y**2 - 12*y + 6. Determine j(8).
-26
Let u(a) = a**3 - 8*a**2 + 15*a - 8. What is u(7)?
48
Let q(v) = -v + 4. Determine q(6).
-2
Let r(p) = 2*p**2 + 2*p - 4. Determine r(-4).
20
Let w(u) = u**3 - u**2 - 57*u - 9. Calculate w(-7).
-2
Let j(a) = a**3 - 5*a**2 - 7*a + 7. Give j(6).
1
Let n(x) = -x**2 + 8*x - 2. Determine n(9).
-11
Let m(p) = p + 10. What is m(-15)?
-5
Let x(v) = 2*v**2 + 5*v - 7. Determine x(0).
-7
Let v(m) = -m**3 - 8*m**2 + 5*m + 15. Determine v(-6).
-87
Let q(y) = 2*y**2 + 18*y - 20. Give q(5).
120
Let i(w) = -w**2 - 3*w + 13. Give i(-7).
-15
Let z(h) = -9*h + 13. Give z(8).
-59
Let u(a) = 2*a - 30. Calculate u(15).
0
Let u(b) = b**3 - 3*b**2 - 4*b - 3. Determine u(4).
-3
Let c(k) = k**3 + 7*k**2 + 3*k + 8. Calculate c(-7).
-13
Let c(q) = q**2 - 4*q - 6. Give c(6).
6
Let t(b) = 2*b**2 - b - 2. Calculate t(-2).
8
Let u(p) = -2*p**3 + p**2 + p - 3. Calculate u(2).
-13
Let m(d) = 4*d + 6. What is m(-6)?
-18
Let s(j) = -12*j + 76. Calculate s(7).
-8
Let t(w) = -w**3 - 5*w**2 + 13*w + 19. What is t(-6)?
-23
Let j(q) = 6*q. What is j(1)?
6
Let v(z) = -z**2 + 5*z + 1. Calculate v(5).
1
Let u(a) = a**3 - 12*a**2 - 11*a - 11. What is u(13)?
15
Let k(d) = -2*d + 2. What is k(-4)?
10
Let q(x) = -x**3 + 6*x**2 - 4*x + 5. What is q(6)?
-19
Let u(x) = 2*x - 20. What is u(12)?
4
Let y(k) = -k + 5. Determine y(18).
-13
Let a(l) = -l**3 + 8*l**2 + 35*l - 12. Calculate a(11).
10
Let a(x) = -4*x + 18. Give a(8).
-14
Let o(c) = -c**3 + 7*c**2 + 9*c - 6. Determine o(8).
2
Let q(i) = -i**2 + i - 6. Give q(7).
-48
Let g(c) = 2*c**2 + 6*c + 2. Give g(-4).
10
Let a(v) = 3*v - 7. Give a(3).
2
Let q(l) = 3*l**2 - 4*l + 2. Calculate q(2).
6
Let f(l) = 4*l + 31. Determine f(-7).
3
Let f(a) = -2*a + 22. Determine f(6).
10
Let c(g) = 5*g + 20. What is c(-8)?
-20
Let x(t) = 2*t**2 - 105*t - 52. What is x(53)?
1
Let v(p) = -3*p - 24. What is v(-14)?
18
Let f(q) = q**3 + 10*q**2 + 8*q - 12. What is f(-9)?
-3
Let l(v) = -v**2 + 39*v - 269. Determine l(30).
1
Let x(l) = -l**3 - 31*l**2 - 130*l + 12. What is x(-26)?
12
Let d(x) = x**3 - 9*x**2 - 2*x - 20. Determine d(9).
-38
Let s(h) = -5*h - 73. Calculate s(-15).
2
Let t(a) = a**3 + 2*a**2 - 25*a - 4. Determine t(-6).
2
Let t(i) = -i**2 - 8*i + 3. Calculate t(-9).
-6
Let z(b) = 5*b + 12. Determine z(-3).
-3
Let v(m) = -m**3 - 11*m**2 - 14*m - 1. Calculate v(-10).
39
Let k(j) = 2*j**2 + 16*j + 35. Give k(-5).
5
Let s(k) = k**2 - k - 28. Calculate s(-5).
2
Let d(s) = -2*s**2 + 5*s - 6. Determine d(5).
-31
Let t(k) = -2*k**2 - k - 5. Give t(6).
-83
Let b(y) = 3*y**2 + 21*y + 14. Calculate b(-6).
-4
Let i(z) = z**2 - 6*z. What is i(7)?
7
Let w(d) = d**3 - 5*d**2 - 4*d + 4. Calculate w(5).
-16
Let t(o) = o**2 + o - 3. Determine t(-2).
-1
Let m(n) = n**3 - 13*n**2 + 21*n - 37. Give m(12).
71
Let o(z) = -3*z**2 + 32*z - 14. Calculate o(10).
6
Let t(h) = -h**3 - 6*h**2 - 1. Determine t(-5).
-26
Let q(f) = f**2 - 15*f + 28. Give q(12).
-8
Let z(g) = g**2 - 13*g + 7. Determine z(12).
-5
Let b(y) = -y**2 + 12*y + 21. Calculate b(10).
41
Let j(d) = -27*d**2. Give j(1).
-27
Let u(s) = -7*s - 54. Determine u(-7).
-5
Let w(l) = 8*l + 284. Give w(-38).
-20
Let o(u) = -u**3 + 5*u**2 + 3*u + 20. Give o(6).
2
Let g(z) = -z**2 - 4*z - 5. What is g(-4)?
-5
Let x(l) = -l**3 - 6*l**2 - 6*l + 10. Determine x(-3).
1
Let x(k) = 2*k - 6. What is x(0)?
-6
Let o(c) = c**3 + 24*c**2 - 22*c + 87. Give o(-25).
12
Let d(t) = -t. Determine d(5).
-5
Let g(n) = -n**3 + 9*n**2 - 5*n - 2. Give g(7).
61
Let z(m) = m**2 + 3*m + 2. What is z(-2)?
0
Let r(m) = -m**2 - 3*m - 2. What is r(-1)?
0
Let m(v) = -v**3 - 12*v**2 + 37*v + 127. Give m(-14).
1
Let j(c) = -8*c**2 + c - 1. Calculate j(-2).
-35
Let a(x) = -2*x + 20. Calculate a(9).
2
Let q(c) = -13*c**2 - c - 1. Calculate q(-1).
-13
Let m(h) = 2*h**2 + 4*h - 40. What is m(4)?
8
Let r(c) = 2*c**2 + 33*c + 66. What is r(-14)?
-4
Let l(d) = d**3 - 10*d**2 + 11*d + 4. What is l(9)?
22
Let z(f) = f**3 - 8*f**2 + 3*f. Give z(8).
24
Let d(c) = 21*c + 123. Give d(-6).
-3
Let l(b) = 2*b**2 + 20*b - 10. What is l(-9)?
-28
Let b(d) = 4*d**2 + 9*d - 1. Determine b(-4).
27
Let x(u) = -u. Calculate x(2).
-2
Let g(w) = w**3 - 7*w**2 + 9*w - 6. Calculate g(5).
-11
Let f(a) = -a**2 + 13*a - 29. What is f(9)?
7
Let u(w) = -w**2 + 2*w - 4. What is u(0)?
-4
Let h(a) = a**2 - 13*a - 19. Determine h(14).
-5
Let m(v) = -5*v**2 - 10*v + 47. What is m(-4)?
7
Let t(u) = u**3 - 29*u**2 + 78*u - 1. Give t(26).
-1
Let x(b) = b**2 + 37*b + 186. Give x(-6).
0
Let d(q) = -q**3 + 25*q**2 - 46*q - 23. What is d(23)?
-23
Let v(a) = 2*a**2 - 8*a - 84. What is v(0)?
-84
Let s(f) = 3*f**2 + f - 4. Give s(-2).
6
Let x(g) = 2*g**2 - 35*g + 145. Calculate x(9).
-8
Let u(t) = -6*t - 43. Determine u(-11).
23
Let t(w) = -w**2 + 8*w - 4. Calculate t(7).
3
Let u(j) = j**3 + 6*j**2 - 3. Give u(-6).
-3
Let d(p) = 2*p**2 - p + 3. What is d(-3)?
24
Let n(j) = -3*j - 27. Calculate n(-11).
6
Let w(y) = -y**2 + 72*y - 382. Calculate w(6).
14
Let v(t) = t**3 + 3*t**2 - 15*t - 34. Calculate v(-7).
-125
Let l(t) = -6*t**2 + t - 10. Determine l(-4).
-110
Let u(j) = -j - 43. Determine u(-22).
-21
Let u(j) = -2*j**2 - 5*j + 5. Calculate u(-10).
-145
Let q(a) = a**3 + 16*a**2 + 14*a + 42. Calculate q(-15).
57
Let c(d) = d**3 + 14*d**2 + 36*d + 27. Determine c(-11).
-6
Let s(b) = -b**2 - 4*b + 10. Determine s(-5).
5
Let i(k) = k**3 - 5*k**2 - 3*k - 5. Calculate i(6).
13
Let z(s) = -s**2 + 4*s. Give z(7).
-21
Let x(j) = 14*j - 2. Give x(-4).
-58
Let m(o) = o**3 + 9*o**2 - 13*o + 6. What is m(-10)?
36
Let p(t) = t**3 + 11*t**2 + 28*t - 4. What is p(-7)?
-4
Let r(t) = t + 3. Give r(-6).
-3
Let a(d) = 4*d**2 - 7*d - 10. Determine a(-3).
47
Let u(b) = -b**2 - 4*b + 10. Give u(-5).
5
Let i(r) = -3*r**2 + 10. Calculate i(-4).
-38
Let v(x) = x**2 - 33*x + 175. What is v(7)?
-7
Let t(o) = o**3 - 14*o**2 + 2*o - 26. What is t(14)?
2
Let z(q) = q**3 - 10*q**2 + 23*q - 15. What is z(6)?
-21
Let k(h) = -2*h + 15. What is k(16)?
-17
Let r(w) = 16*w + 1. Give r(-1).
-15
Let l(z) = -z**3 + 2*z**2 + 7*z - 11. Determine l(2).
3
Let o(d) = -d**2 + 4*d + 27. Calculate o(8).
-5
Let g(i) = 7*i - 7. Determine g(5).
28
Let w(m) = m**3 - m + 8. Calculate w(0).
8
Let f(g) = -6*g**2 + g. Determine f(2).
-22
Let j(m) = -m**2 - 5*m - 9. What is j(-6)?
-15
Let x(f) = f**2 + 13*f - 12. Give x(-13).
-12
Let z(t) = -3*t**2 + 116*t - 72. What is z(38)?
4
Let p(a) = -3*a - 59. Determine p(-16).
-11
Let o(l) = 2*l + 18. Give o(-16).
-14
Let c(x) = -x**3 - 4*x**2 - x + 5. Calculate c(-5).
35
Let y(h) = 3*h + 3. Determine y(-4).
-9
Let g(n) = 6*n - 3. Calculate g(11).
63
Let o(g) = -3*g + 86. Determine o(28).
2
Let x(w) = w**3 + 7*w**2 + 8*w. What is x(-5)?
10
Let b(p) = -4*p + 5. What is b(-9)?
41
Let f(n) = n**3 + 7*n**2 + 4*n - 1. Calculate f(-6).
11
Let b(r) = r - 52. Calculate b(-3).
-55
Let j(a) = 3*a. Give j(-11).
-33
Let y(p) = -8*p + 16. Calculate y(3).
-8
Let n(b) = b**2 - 8*b + 29. Determine n(7).
22
Let n(p) = -p**3 + p**2 + 11*p - 25. Give n(2).
-7
Let y(z) = -z**3 - 10*z**2 - 7*z + 3. Determine y(-8).
-69
Let g(n) = -n**3 - 17*n**2 - 21*n - 5. What is g(-16)?
75
Let h(b) = -2*b**3 + 7*b**2 + 2. Give h(3).
11
Let r(j) = -3*j**2 - 77*j - 115. Determine r(-24).
5
Let q(r) = -6*r. Give q(0).
0
Let u(n) = -n**2 - 5*n - 5. Give u(-7).
-19
Let h(k) = -k**2 + 11*k - 2. Give h(11).
-2
Let v(w) = 6*w - 4. Give v(-4).
-28
Let i(y) = y**2 + 29*y + 154. Determine i(-8).
-14
Let y(h) = h - 25. Give y(27).
2
Let c(h) = 30*h - 2. Give c(-2).
-62
Let p(u) = 3*u**2 - 25*u - 113. Calculate p(-4).
35
Let z(y) = 15*y**3 + 2*y**2 - 1. Determine z(-1).
-14
Let z(o) = o**3 - 3*o**2 - 4*o + 4. Give z(4).
4
Let a(d) = d**3 - 3*d**2 - 8*d + 25. What is a(2)?
5
Let n(x) = 103*x**3 + 2*x - 1. Give n(1).
104
Let z(i) = -i**2 - 8*i + 3. Give z(-10).
-17
Let i(a) = 15*a**3 + 1. Give i(-1).
